+ 4*v - 51, -4*v + 16 = 3*o. What is the remainder when o is divided by 5?
2
Let p(i) = 2 - 5 + 2 - i. Let d be p(0). Let w = 4 + d. What is the remainder when 7 is divided by w?
1
Let s = 2 + 0. Suppose s*b = 17 + 3. Let i(p) = -3*p - 2. Calculate the remainder when b is divided by i(-2).
2
Suppose 0 = -2*t + d + 90 + 50, 4*t + 5*d - 294 = 0. Suppose 24*q + 180 = 34*q. Calculate the remainder when t is divided by q.
17
Suppose -3*c - 4*m + 33 = 0, -3*c = -m - 4*m - 33. What is the remainder when 40 is divided by c?
7
Let g = -5 - -7. Suppose -3*f + 11 = -g*f. Let v = 65 + -44. Calculate the remainder when v is divided by f.
10
Suppose -3*m + 2*d = -5*m + 26, 0 = 5*m + 2*d - 59. Let g(n) = -n**3 - n**2 + n + 43. What is the remainder when g(0) is divided by m?
10
Let s = -7 + 10. Suppose -s*i + 48 = -0*i. Calculate the remainder when 31 is divided by i.
15
Let x(g) = 4*g**2 + 4*g - 17. Let k = 28 - 20. Calculate the remainder when x(3) is divided by k.
7
Let t = 44 - 21. Calculate the remainder when t is divided by 13 - (0 - 1)/(-1).
11
Suppose 0 = -0*l - l. Let c = 0 - l. Suppose c*r - 2*r + 76 = 0. Calculate the remainder when r is divided by 13.
12
Let y be (1 - (1 - -1))*-5. Suppose -y*w + 27 = -83. What is the remainder when w is divided by 8?
6
Suppose 8*r + 68 = 10*r. Suppose -30 = -j - j. Suppose 3*q - m = 37, 0*q - q + j = -3*m. What is the remainder when r is divided by q?
10
Let j(d) = d - 1. Let n be j(4). Let p(b) = 17*b - 2. Calculate the remainder when p(n) is divided by 17.
15
Let s be ((-2)/2)/((-1)/4). Suppose 0 = -s*h - h + 15. Calculate the remainder when 9 is divided by h.
0
Suppose 0 = -0*i - 3*i + 36. Let o(m) = m**2 - 2. Let h be o(2). Suppose 2 = -h*g + 70. Calculate the remainder when g is divided by i.
10
What is the remainder when 134/8 - 2/(-8) is divided by 6?
5
Let v be 2/(-4) + (-21)/6. Let l(t) = -7*t + 7. What is the remainder when l(v) is divided by 18?
17
Let a(k) = -k**2 + 9*k + 12. Calculate the remainder when 58 is divided by a(9).
10
Let d be (0 + 28/6)*3. Let v = d + -1. Let x(r) = r**3 - 15*r**2 + 2*r - 5. What is the remainder when x(15) is divided by v?
12
Suppose 0 = 3*f + w + 10, 4*f + f + 12 = -4*w. Let l = f - -8. Calculate the remainder when 10 is divided by l.
2
Suppose -3*o = -r - 235, 5*r = 3*o - 356 + 105. Calculate the remainder when o is divided by 13.
12
What is the remainder when 52 is divided by (3/(-2))/(6/4) - -16?
7
Let t(c) = 9*c - 8*c - c**2 + 2 + 16. Calculate the remainder when t(0) is divided by 10.
8
Suppose 5*l = -0 + 10. Suppose 5*p - 15 = l*p. Let b = 24 + -10. What is the remainder when b is divided by p?
4
Let g(r) = 5 + 0 - 3 + 2*r. What is the remainder when 11 is divided by g(2)?
5
Let k = -16 + 31. Calculate the remainder when 56 is divided by k.
11
Let y = 28 - -9. Calculate the remainder when 73 is divided by y.
36
Let x = 10 + 2. Suppose -r = -5*r + x. Suppose -t + 1 = -z + 5, -4 = z - r*t. Calculate the remainder when z is divided by 5.
3
Suppose -4*q = 58 + 50. Let r = 40 + q. Calculate the remainder when 51 is divided by r.
12
Let y(f) = -f**2 - 10*f - 5. Let t = -11 + 21. Calculate the remainder when y(-4) is divided by t.
9
What is the remainder when (62/6)/((-4)/(-84)) + -4 is divided by 43?
41
Suppose 0 = 5*y - c - 3, -y - 9 = 4*y + 3*c. Suppose y*g + 330 = 5*g. Calculate the remainder when g is divided by 17.
15
Suppose 2*n + 84 = 4*s, 2*s - n - 2*n - 50 = 0. What is the remainder when s is divided by 5?
4
Let i(p) = -p - 15. Let y be i(-15). Suppose 4*w + 65 = 5*h, 5*h + y*h = -5*w + 110. What is the remainder when 48 is divided by h?
14
Suppose 55 = 6*i - i. Let h(l) = -l**2 - 7*l - 4. Let k be h(-3). What is the remainder when (-100)/k*16/(-10) is divided by i?
9
Let s(a) = 1 + 11*a + 8*a - 2*a. What is the remainder when s(2) is divided by (232/(-87))/((-4)/18)?
11
Suppose 0*g - 27 = -g. Suppose -2*x - 3*s = 3*x - g, x - 3*s - 9 = 0. What is the remainder when x is divided by 4?
2
Suppose 12 = 7*x - 3*x. Let p be x - (3 + -2 + -1). Suppose 2*z = -p*z + 145. Calculate the remainder when z is divided by 10.
9
Let r = 52 + 6. Suppose -4*c = -3*d + 61, -5*d + 2*d + c = -r. Calculate the remainder when d is divided by 7.
5
Let b(a) = a + 11. Let o be b(-8). Suppose o*i = 2*l + 61, 0 = 2*l - l + 2. Calculate the remainder when 55 is divided by i.
17
Let p = 16 - 10. Suppose 3*u + 2*l - 57 = p*l, 0 = u - 4*l - 19. What is the remainder when u is divided by 10?
9
Suppose -5*t + 3*t + 14 = 0. What is the remainder when ((-54)/4)/(3/(-6)) is divided by t?
6
Let b = 51 - 43. What is the remainder when 42/(-4)*4/(-2) is divided by b?
5
Let y be (128/3)/(-4)*-3. Suppose 2*u + 4*d = y, 4*u + 0*d = 3*d + 97. Calculate the remainder when u is divided by (-9)/12 - 70/(-8).
6
Suppose -96 = -6*l - 0*l. Suppose -20 = -3*k + 8*k, -c = -5*k - 29. Calculate the remainder when l is divided by c.
7
Let c = 137 - 85. Calculate the remainder when c is divided by 14.
10
Let z(j) = 85*j + 3. What is the remainder when z(1) is divided by 6?
4
Suppose -4 = -2*m - 2. What is the remainder when m is divided by 1?
0
Suppose 3*t - 80 = -5*c, 6*c - 3*t - 80 = c. What is the remainder when 28 is divided by c?
12
Let k be ((-15)/(-12))/1*4. Let a = 11 - k. Let o(w) = w**2 + w - 1. What is the remainder when o(3) is divided by a?
5
Let x be -16 + 1 - (0 + 1). Suppose a - 4 = 3*l, -l + 2*a = -10 + 3. Calculate the remainder when 31 is divided by 0 + x/(l - -2).
15
Let d = -4 - -6. Suppose -a + 0*a = -d. Let i(n) = -n. Calculate the remainder when i(-4) is divided by a.
0
Let m(a) = -2*a + 8. Let w(n) = n - 4. Let s(h) = -3*m(h) - 7*w(h). Let q be s(0). Calculate the remainder when 55 is divided by 2*(-2)/q + 20.
17
Suppose 2*f + 846 = 5*f. What is the remainder when ((-1)/(-2))/(3/f) is divided by 10?
7
Let w = -5 + 6. Suppose 3*j - 5 - w = 0. What is the remainder when 3 is divided by j?
1
Let f = 15 + -1. Let n = 10 + -6. What is the remainder when f is divided by n?
2
Calculate the remainder when 39 is divided by (-37)/(-5) + (-9)/(-15).
7
Let a be (-1 + 2)*-13*3. Let n = 77 + a. What is the remainder when n is divided by 20?
18
Suppose -4*c + 0*c - 4*j + 16 = 0, -4*c - 5*j + 18 = 0. Calculate the remainder when -2 + 16 - 6/c is divided by 6.
5
Let d = -7 - -15. Suppose 4*p - 68 = -4*g, 3*g - 3*p - 9 - 18 = 0. What is the remainder when 12/d*294/9 is divided by g?
10
Suppose -10*i = 2*i - 372. Calculate the remainder when i is divided by 8.
7
Suppose 3*n + g + 13 = 0, 2*n + 20 = g + 4*g. What is the remainder when 30 is divided by -5*(16/n + 0)?
14
Suppose 3*n - 3 = 2*n. Suppose -w + 2 = -n. Suppose 4*x - 4 = -m - 0*m, -2*m + 28 = -2*x. Calculate the remainder when m is divided by w.
2
Let u = -14 - -23. Let h(k) = k**2 + 5*k + 4. Let b be h(-6). Let f = b + u. Calculate the remainder when f is divided by 10.
9
Let g be 189*(90/(-7))/(-3). Let j be g/(-22) - (-4)/(-22). Let x = -25 - j. Calculate the remainder when x is divided by 7.
5
Suppose 0 = -s + 3*s - 32. Suppose -2*d + 6*d = s. Suppose -8 = -d*z + 3*z. What is the remainder when 23 is divided by z?
7
Suppose -39 = -3*p - 4*q + q, 2*p - 4*q = 50. Let a(h) = 2*h**2 + h - 10. What is the remainder when p is divided by a(-3)?
2
Let q be (-19 - -10)*(-1)/3. Calculate the remainder when 54 + (2 + -1 - q) is divided by 18.
16
Suppose 5*d - 2*l = -296, 4*l = -4*d - 0*l - 248. Calculate the remainder when 49 is divided by ((-5)/2)/(6/d).
24
Suppose 5*a - q - 65 = 0, 8*a - 3*a - 4*q = 50. Calculate the remainder when 6/8*(16 + 20) is divided by a.
13
Let b(d) = -d**2 - 5*d + 7. Let x be b(-7). Let t(f) = -f**3 - 8*f**2 - 9*f. What is the remainder when t(x) is divided by 5?
4
Suppose 2*w - 3*k = -w + 84, 3*k = 4*w - 107. Suppose r + 3 = w. What is the remainder when 78 is divided by r?
18
Let y = 1 - -5. Let s(v) = 3*v + 6. Let w be s(y). Suppose -5*u + 91 = -w. What is the remainder when u is divided by 8?
7
Let f(u) = 22*u**2 - 4*u - 3. Let v(l) = l + 8. Calculate the remainder when f(-1) is divided by v(0).
7
Suppose 2*l - 13 = -43. Let c be l/(-2)*(-10)/(-15). Suppose 0 + 3 = t + c*r, -4*r = t - 6. Calculate the remainder when 52 is divided by t.
16
Let s(z) = 6*z**3 - 36*z**2 - 16*z - 6. Let l(m) = -m**3 + 7*m**2 + 3*m + 1. Let d(y)